te?
True
Let l be (42/(-10))/(2/10330) + -6. Let o = l + 30956. Is o composite?
False
Let w = -1120 - -266. Let k = 1770 + w. Let p = -39 + k. Is p prime?
True
Let g = 3 + -1. Let n = -4643 - -7841. Suppose n - 916 = g*x. Is x composite?
True
Let i(a) = -a**2 - 30*a - 32. Let k be i(-28). Is (-7)/(3 - k) + (-788)/(-3) composite?
False
Let a be (8 + -6)*(4 + (-2 - 0)). Suppose -m + s - a*s = 580, 0 = -5*s + 25. Let i = m + 1014. Is i prime?
True
Suppose 60111 = 5*j - 4*n - 94002, 3*j - n - 92472 = 0. Suppose -r + 2*b + 10286 = -b, 3*r - j = -2*b. Is r a composite number?
True
Let j(b) = 70*b - 23. Let t = -1 - -5. Suppose -r + 2*z + 15 = 0, 0 = 5*r + t*z - 1 - 4. Is j(r) composite?
True
Suppose -35*s + 3*m + 32410 = -34*s, 16 = 2*m. Is s prime?
False
Suppose 17*r + 2445408 = 22*r - 2*l, -r = -5*l - 489100. Suppose -62*d + r = -22*d. Is d a prime number?
True
Suppose 2*o - 239 - 155 = -4*c, 86 = c - 2*o. Let t = -294 + 436. Let d = t - c. Is d composite?
True
Let t(g) = g**2 - 6*g + 2. Let r = 35 + -31. Let f be t(r). Is (-46)/(-1)*(-87)/f prime?
False
Let a(w) = 1346*w**2 - 64*w - 743. Is a(-9) a prime number?
False
Let q = -34 + 79. Suppose -2*i - q = 33. Is (6 + -3)/(-1) - (i - 2) a composite number?
True
Let l(q) = 2*q - 2. Let t be l(-4). Let b(i) = -28*i - 26. Let u be b(t). Is (-11 + -6 - -3)*u/(-4) composite?
True
Suppose 2*x - 11 + 11 = 0. Let m be (1 - (x - -4)) + 315. Suppose 0 = 3*z - 15 - m. Is z prime?
True
Let h(k) = 104*k**3 + k + 1. Let o(q) = -3*q - 323*q**3 + 13 - 17 - 94*q**3. Let u(s) = -9*h(s) - 2*o(s). Is u(-2) prime?
True
Is (-1*(-98970)/12 - -3)*2/1 prime?
False
Suppose -4*m = 10*x - 13*x + 11030, x = -3*m + 3655. Suppose -218*w - x = -223*w. Is w a composite number?
True
Suppose -594 = -4*b + j, 0 = 4*b + 3*j - 202 - 400. Let o be b + (-7)/((-14)/4). Suppose -4*a + 3*h + 492 = 0, -341 - o = -4*a - h. Is a a prime number?
False
Let d(l) be the first derivative of l**5/60 + l**4/8 - 3*l**3/2 + 5*l**2/2 + 12. Let m(j) be the second derivative of d(j). Is m(-14) prime?
False
Let p(m) = 2574*m**2 - 529*m - 4161. Is p(-8) a prime number?
False
Let x(z) = z**3 + 5*z**2 + 3*z - 4. Let k be x(-2). Suppose -k*l = u - 565, 4*u - u = -4*l + 1695. Is u composite?
True
Suppose 112*r - 5880448 = -16*r. Is r prime?
False
Suppose -3685781 = -25*z + 739344. Is z prime?
False
Let l = 11425 - -21058. Is l prime?
False
Suppose 4*r + 4*h = 80, -r = -40*h + 36*h - 20. Suppose -57655 = -r*b + 7*b. Is b prime?
False
Let i(l) = -245*l + 1. Let n(c) = 1. Let u(w) = i(w) - 5*n(w). Let h be u(-2). Let o = h - 219. Is o a prime number?
False
Let m = -151 - -136. Is (-193341)/m + 30/(-75) a composite number?
False
Suppose 5*u + 30 = 0, -15*j + 5*u = -11*j - 832658. Is j composite?
True
Let j(i) = -i**3 + 11*i**2 - 30*i + 5. Let q be j(6). Suppose 0 = q*n + u - 26529, -4*n + 5313 = -3*n + 2*u. Is n prime?
False
Suppose 0*u - 4*u + 3*w = -27, 5*u = -2*w + 5. Suppose 0 = -u*x - d + 4628, 0*d = -5*x + d + 7716. Is x composite?
False
Let o = 49 - 102. Let c = -54 - o. Let j(s) = -153*s - 4. Is j(c) a prime number?
True
Suppose 5*c + 1513 = -x - 6794, -c - 1655 = -3*x. Suppose 3*i + 3150 - 204 = -3*d, 3*i + 2*d = -2946. Let g = i - c. Is g prime?
False
Let i(l) = 30*l**2 + 2*l + 15. Let m = 246 + -243. Is i(m) prime?
False
Suppose -3859128 = -4*g + 5*m, -5*g + 2583*m + 4823923 = 2580*m. Is g prime?
True
Let t(n) = 2*n**3 - 18*n**2 + 71*n - 347. Is t(24) composite?
False
Let t = 48 - 38. Suppose 5 = 5*c - t. Suppose c*q + i - 3*i = 3133, 0 = -q - 5*i + 1033. Is q prime?
False
Is 6229890/(-288)*-8*(-28)/(-10) a composite number?
True
Suppose 0 = 5*m + 5, -2*m = -4*l + 7204 - 1774. Suppose -u = 2, -k + 9*u + 11 = 7*u. Suppose 2*s - l = 5*w, -k*w - 15 = -2*w. Is s prime?
False
Let l(v) = 48*v**2 + 6*v - 7. Let z(r) = -44*r**2 - 8*r + 7. Let m(a) = 3*l(a) + 2*z(a). Let q be (7/(-3))/((-3)/(-9)). Is m(q) composite?
True
Let l(s) = -11*s**3 - 30*s**2 + 84*s - 284. Is l(-27) composite?
False
Let y = -247 - -247. Suppose -5*u + 8795 + 24170 = y. Is u prime?
False
Suppose 3*m - 22338 = -3*r, 2*r - 18902 + 4015 = 3*m. Let k = -4446 + r. Is k a prime number?
True
Is 4*((-29695)/(-20))/1 a prime number?
True
Let h be (-1 - -403)/((-45)/(-30)). Let u = h - -855. Is u a prime number?
True
Let n(c) = -4*c - 1. Let a be n(-21). Suppose -a*p + 42049 = -76*p. Is p a prime number?
True
Let w be 4/(0 + 4)*-3942. Let b = 25 - w. Is b a prime number?
True
Let l be 720/252 + (-16)/(-14). Suppose 3632 = l*o - 2116. Is o composite?
True
Suppose 0 = -25*z + 50303035 - 367372 + 4022612. Is z prime?
False
Let g = 3358 - 1341. Suppose 0 = 2*q - g + 159. Is q composite?
False
Suppose 39*y - 5336 = 10*y. Suppose 202*u = y*u + 100242. Is u a prime number?
True
Is (-24902379)/(-102) + 66/2244 a composite number?
False
Let m(w) = -1439*w - 247. Let i be m(-13). Let h = 29421 - i. Is h composite?
True
Let o be (-6)/36*-6*20143. Let k = o - 11876. Is k a prime number?
False
Suppose -4*z + 7 = 15. Let q(k) = -1092*k**3 - k**2 - 3*k - 1. Is q(z) a prime number?
True
Let i = 1911 - 1137. Let c be (-1*1)/((-2)/274). Let h = c + i. Is h prime?
True
Suppose -68*h + 76*h - 42128 = 0. Let q be (-6)/(-1 + 2) - -2. Is q + h + (-2 - 3) composite?
True
Suppose c - 22*c = -811839. Is c a composite number?
True
Suppose -608*h = -609*h + 11. Suppose 0 = -h*w + 12*w + 1, 5*w = -u + 438. Is u composite?
False
Let d be ((-3)/(-9))/((4 + -1)/(-45)). Is (-1)/(1/d*(-30)/(-35274)) prime?
True
Let p = 1000798 - 693620. Is p composite?
True
Suppose -5222 = 3*q - 4*o, -3*q = 2*q + o + 8688. Let g = 61 - q. Is g prime?
False
Suppose 2*q = -18*a + 22*a + 84094, 0 = 5*a + 25. Is q composite?
True
Suppose 0 = -130*m - 142326 + 371595 + 199601. Is m a prime number?
True
Let u(a) be the first derivative of 3*a**4/4 - 2*a**3/3 - 8*a**2 + 20*a + 5. Is u(9) a composite number?
False
Let w = 18 + 76. Let u = 79 - w. Is 1 + u/12 - 229662/(-24) prime?
False
Let g(h) = 13*h**2 + 12*h - 118. Let z be g(10). Let p = 2845 - z. Is p a prime number?
True
Suppose -5*p = 4*l - 0*p + 15157, 7581 = -2*l - 5*p. Let j be -60*(l/16 + 2). Suppose j = 6*i + 867. Is i a prime number?
True
Suppose 6*b = 343 - 337. Let s(z) = 2875*z - 12. Is s(b) prime?
False
Suppose -62*u + 89*u + 469301 = 11300648. Is u composite?
False
Let r = -21170 + 31831. Is r composite?
True
Suppose -g + 217400 = 2*c - 179867, -1986272 = -5*g - c. Is g composite?
False
Let s = 26326 + -357. Is s composite?
False
Suppose -10*w + 678 = 2398. Is ((-1333)/w)/((-2)/(-16)) a composite number?
True
Let n be (-9 - -9)*(1 + 0). Suppose n = 4*u - 5*i - 90130, 18102 = 2*u - 5*i - 26958. Suppose 2*g + u = 5*p + 4*g, 0 = -p - 5*g + 4507. Is p a prime number?
True
Let r = 45571 - -271836. Is r a composite number?
True
Suppose 0 = -132*o + 2474512 + 4974908. Is o a composite number?
True
Is (26339/2)/(2/((-198)/(-27)*6)) composite?
True
Let t = -19146 + 224457. Is t composite?
True
Let d(x) = -23371*x - 4557. Is d(-8) a prime number?
False
Suppose 5*u = 3*u + 5*a + 35416, 35434 = 2*u - 2*a. Is u a composite number?
True
Let a(y) = 18508*y**2 - 69*y - 351. Is a(-5) prime?
False
Let x(r) = -7494*r - 293. Is x(-10) a composite number?
True
Suppose -258 = -f + 4*f. Let l = 325 + f. Suppose 7*z - 8*z = -l. Is z composite?
False
Suppose 7770183 = -210*v + 267*v. Is v a composite number?
False
Let c be -41687*(-7 + (1 - -5)). Suppose 0*a + 5*a - c = -2*v, 3*v - 2*a - 62483 = 0. Is v a prime number?
False
Let g = 7227 - 5696. Is g prime?
True
Suppose -11*s + 3*s = -216. Suppose -22*h = -s*h + 47555. Is h prime?
True
Let z be (2*(5 + -17))/(-2). Let j(p) = 29*p + 65. Is j(z) prime?
False
Let n(o) = 9*o**3 + 9*o**2 + 30*o - 9. Let x(t) = 19*t**3 + 20*t**2 + 61*t - 16. Let q(r) = -9*n(r) + 4*x(r). Is q(-6) composite?
False
Let f = -28800 - -63011. Is f a prime number?
True
Let m = -68 - -45. Let y = m + 27. Suppose 0 = -y*n + 5*f + 76, -19 = -n - 0*n + 4*f. Is n a prime number?
True
Suppose 320*v - 68*v - 20237506 = 15445946. Is v a prime number?
True
Suppose 2*x - x = 4*g - 13, 2*x = -2*g - 6. Let q(j) = j + 9. Let h be q(-5). Suppose g*t - 923 = t + 4*b, 16 = -h*b. Is t prime?
True
Let j(n) = 3*n + 1. Let w be j(1). Suppose 15 = w*o - 1. Is -4 + (1702 - o) - 1 a prime number?
True
Let n = 5